{"id":156,"date":"2019-10-28T17:18:38","date_gmt":"2019-10-28T16:18:38","guid":{"rendered":"http:\/\/hotelpoliteama.ms.decms.eu\/?page_id=156"},"modified":"2019-10-28T17:18:38","modified_gmt":"2019-10-28T16:18:38","slug":"suite-panoramique","status":"publish","type":"page","link":"https:\/\/www.hotelpoliteama.com\/fr\/les-chambre\/suite-panoramique\/","title":{"rendered":"Suite panoramique"},"content":{"rendered":"<p>Un doux r\u00e9veil en un mot: Panorama!<\/p>\n<p>Les suites ont une vue incroyable et une terrasse panoramique o\u00f9 vous pourrez partager vos moments de convivialit\u00e9 et de d\u00e9tente, comme un petit-d\u00e9jeuner le matin ou prendre un verre au coucher du soleil.<\/p>\n<p>Elles se caract\u00e9risent par un style contemporain impeccable, un parquet et une salle de bain de design.<\/p>\n<p>Pour vous donner une sensation de bien-e\u0302tre depuis votre arriv\u00e9e, un doux peignoir de bain et des pantoufles sont \u00e0 votre disposition.<\/p>\n<p>S\u2019endormir en regardant les lumi\u00e8res de la ville la soir et se r\u00e9veiller avec la vue sur les ba\u0302timents historiques du c\u0153ur de Palerme sera une exp\u00e9rience incomparable!<\/p>\n","protected":false},"excerpt":{"rendered":"<p>Un doux r\u00e9veil en un mot: Panorama! Les suites ont une vue incroyable et une terrasse panoramique o\u00f9 vous pourrez partager vos moments de convivialit\u00e9 et de d\u00e9tente, comme un petit-d\u00e9jeuner le matin ou prendre un verre au coucher du soleil. Elles se caract\u00e9risent par un style contemporain impeccable, un parquet et une salle de [&hellip;]<\/p>\n","protected":false},"author":13,"featured_media":0,"parent":75,"menu_order":80,"comment_status":"closed","ping_status":"closed","template":"template-single-room.php","meta":{"footnotes":""},"class_list":["post-156","page","type-page","status-publish","hentry"],"yoast_head":"<!-- This site is optimized with the Yoast SEO plugin v26.9 - https:\/\/yoast.com\/product\/yoast-seo-wordpress\/ -->\n<title>Suite panoramique - Hotel Politeama<\/title>\n<meta name=\"robots\" content=\"index, follow, max-snippet:-1, max-image-preview:large, max-video-preview:-1\" \/>\n<link rel=\"canonical\" href=\"https:\/\/www.hotelpoliteama.com\/fr\/les-chambre\/suite-panoramique\/\" \/>\n<meta property=\"og:locale\" content=\"fr_FR\" \/>\n<meta property=\"og:type\" content=\"article\" \/>\n<meta property=\"og:title\" content=\"Suite panoramique - Hotel Politeama\" \/>\n<meta property=\"og:description\" content=\"Un doux r\u00e9veil en un mot: Panorama! Les suites ont une vue incroyable et une terrasse panoramique o\u00f9 vous pourrez partager vos moments de convivialit\u00e9 et de d\u00e9tente, comme un petit-d\u00e9jeuner le matin ou prendre un verre au coucher du soleil. Elles se caract\u00e9risent par un style contemporain impeccable, un parquet et une salle de [&hellip;]\" \/>\n<meta property=\"og:url\" content=\"https:\/\/www.hotelpoliteama.com\/fr\/les-chambre\/suite-panoramique\/\" \/>\n<meta property=\"og:site_name\" content=\"Hotel Politeama\" \/>\n<meta name=\"twitter:card\" content=\"summary_large_image\" \/>\n<meta name=\"twitter:label1\" content=\"Dur\u00e9e de lecture estim\u00e9e\" \/>\n\t<meta name=\"twitter:data1\" content=\"1 minute\" \/>\n<script type=\"application\/ld+json\" class=\"yoast-schema-graph\">{\"@context\":\"https:\/\/schema.org\",\"@graph\":[{\"@type\":\"WebPage\",\"@id\":\"https:\/\/www.hotelpoliteama.com\/fr\/les-chambre\/suite-panoramique\/\",\"url\":\"https:\/\/www.hotelpoliteama.com\/fr\/les-chambre\/suite-panoramique\/\",\"name\":\"Suite panoramique - Hotel Politeama\",\"isPartOf\":{\"@id\":\"https:\/\/www.hotelpoliteama.com\/fr\/#website\"},\"datePublished\":\"2019-10-28T16:18:38+00:00\",\"breadcrumb\":{\"@id\":\"https:\/\/www.hotelpoliteama.com\/fr\/les-chambre\/suite-panoramique\/#breadcrumb\"},\"inLanguage\":\"fr-FR\",\"potentialAction\":[{\"@type\":\"ReadAction\",\"target\":[\"https:\/\/www.hotelpoliteama.com\/fr\/les-chambre\/suite-panoramique\/\"]}]},{\"@type\":\"BreadcrumbList\",\"@id\":\"https:\/\/www.hotelpoliteama.com\/fr\/les-chambre\/suite-panoramique\/#breadcrumb\",\"itemListElement\":[{\"@type\":\"ListItem\",\"position\":1,\"name\":\"Home\",\"item\":\"https:\/\/www.hotelpoliteama.com\/fr\/\"},{\"@type\":\"ListItem\",\"position\":2,\"name\":\"Les Chambre\",\"item\":\"https:\/\/www.hotelpoliteama.com\/fr\/les-chambre\/\"},{\"@type\":\"ListItem\",\"position\":3,\"name\":\"Suite panoramique\"}]},{\"@type\":\"WebSite\",\"@id\":\"https:\/\/www.hotelpoliteama.com\/fr\/#website\",\"url\":\"https:\/\/www.hotelpoliteama.com\/fr\/\",\"name\":\"Hotel Politeama\",\"description\":\"Ecco un altro sito ms.decms.eu\",\"potentialAction\":[{\"@type\":\"SearchAction\",\"target\":{\"@type\":\"EntryPoint\",\"urlTemplate\":\"https:\/\/www.hotelpoliteama.com\/fr\/?s={search_term_string}\"},\"query-input\":{\"@type\":\"PropertyValueSpecification\",\"valueRequired\":true,\"valueName\":\"search_term_string\"}}],\"inLanguage\":\"fr-FR\"}]}<\/script>\n<!-- \/ Yoast SEO plugin. -->","yoast_head_json":{"title":"Suite panoramique - Hotel Politeama","robots":{"index":"index","follow":"follow","max-snippet":"max-snippet:-1","max-image-preview":"max-image-preview:large","max-video-preview":"max-video-preview:-1"},"canonical":"https:\/\/www.hotelpoliteama.com\/fr\/les-chambre\/suite-panoramique\/","og_locale":"fr_FR","og_type":"article","og_title":"Suite panoramique - Hotel Politeama","og_description":"Un doux r\u00e9veil en un mot: Panorama! Les suites ont une vue incroyable et une terrasse panoramique o\u00f9 vous pourrez partager vos moments de convivialit\u00e9 et de d\u00e9tente, comme un petit-d\u00e9jeuner le matin ou prendre un verre au coucher du soleil. Elles se caract\u00e9risent par un style contemporain impeccable, un parquet et une salle de [&hellip;]","og_url":"https:\/\/www.hotelpoliteama.com\/fr\/les-chambre\/suite-panoramique\/","og_site_name":"Hotel Politeama","twitter_card":"summary_large_image","twitter_misc":{"Dur\u00e9e de lecture estim\u00e9e":"1 minute"},"schema":{"@context":"https:\/\/schema.org","@graph":[{"@type":"WebPage","@id":"https:\/\/www.hotelpoliteama.com\/fr\/les-chambre\/suite-panoramique\/","url":"https:\/\/www.hotelpoliteama.com\/fr\/les-chambre\/suite-panoramique\/","name":"Suite panoramique - Hotel Politeama","isPartOf":{"@id":"https:\/\/www.hotelpoliteama.com\/fr\/#website"},"datePublished":"2019-10-28T16:18:38+00:00","breadcrumb":{"@id":"https:\/\/www.hotelpoliteama.com\/fr\/les-chambre\/suite-panoramique\/#breadcrumb"},"inLanguage":"fr-FR","potentialAction":[{"@type":"ReadAction","target":["https:\/\/www.hotelpoliteama.com\/fr\/les-chambre\/suite-panoramique\/"]}]},{"@type":"BreadcrumbList","@id":"https:\/\/www.hotelpoliteama.com\/fr\/les-chambre\/suite-panoramique\/#breadcrumb","itemListElement":[{"@type":"ListItem","position":1,"name":"Home","item":"https:\/\/www.hotelpoliteama.com\/fr\/"},{"@type":"ListItem","position":2,"name":"Les Chambre","item":"https:\/\/www.hotelpoliteama.com\/fr\/les-chambre\/"},{"@type":"ListItem","position":3,"name":"Suite panoramique"}]},{"@type":"WebSite","@id":"https:\/\/www.hotelpoliteama.com\/fr\/#website","url":"https:\/\/www.hotelpoliteama.com\/fr\/","name":"Hotel Politeama","description":"Ecco un altro sito ms.decms.eu","potentialAction":[{"@type":"SearchAction","target":{"@type":"EntryPoint","urlTemplate":"https:\/\/www.hotelpoliteama.com\/fr\/?s={search_term_string}"},"query-input":{"@type":"PropertyValueSpecification","valueRequired":true,"valueName":"search_term_string"}}],"inLanguage":"fr-FR"}]}},"acf":[],"_links":{"self":[{"href":"https:\/\/www.hotelpoliteama.com\/fr\/wp-json\/wp\/v2\/pages\/156","targetHints":{"allow":["GET"]}}],"collection":[{"href":"https:\/\/www.hotelpoliteama.com\/fr\/wp-json\/wp\/v2\/pages"}],"about":[{"href":"https:\/\/www.hotelpoliteama.com\/fr\/wp-json\/wp\/v2\/types\/page"}],"author":[{"embeddable":true,"href":"https:\/\/www.hotelpoliteama.com\/fr\/wp-json\/wp\/v2\/users\/13"}],"replies":[{"embeddable":true,"href":"https:\/\/www.hotelpoliteama.com\/fr\/wp-json\/wp\/v2\/comments?post=156"}],"version-history":[{"count":0,"href":"https:\/\/www.hotelpoliteama.com\/fr\/wp-json\/wp\/v2\/pages\/156\/revisions"}],"up":[{"embeddable":true,"href":"https:\/\/www.hotelpoliteama.com\/fr\/wp-json\/wp\/v2\/pages\/75"}],"wp:attachment":[{"href":"https:\/\/www.hotelpoliteama.com\/fr\/wp-json\/wp\/v2\/media?parent=156"}],"curies":[{"name":"wp","href":"https:\/\/api.w.org\/{rel}","templated":true}]}}

<p>Un doux réveil en un mot: Panorama!</p>
<p>Les suites ont une vue incroyable et une terrasse panoramique où vous pourrez partager vos moments de convivialité et de détente, comme un petit-déjeuner le matin ou prendre un verre au coucher du soleil.</p>
<p>Elles se caractérisent par un style contemporain impeccable, un parquet et une salle de bain de design.</p>
<p>Pour vous donner une sensation de bien-être depuis votre arrivée, un doux peignoir de bain et des pantoufles sont à votre disposition.</p>
<p>S’endormir en regardant les lumières de la ville la soir et se réveiller avec la vue sur les bâtiments historiques du cœur de Palerme sera une expérience incomparable!</p>

<p>Un doux réveil en un mot: Panorama! Les suites ont une vue incroyable et une terrasse panoramique où vous pourrez partager vos moments de convivialité et de détente, comme un petit-déjeuner le matin ou prendre un verre au coucher du soleil. Elles se caractérisent par un style contemporain impeccable, un parquet et une salle de [&hellip;]</p>

<!-- This site is optimized with the Yoast SEO plugin v26.9 - https://yoast.com/product/yoast-seo-wordpress/ -->
<title>Suite panoramique - Hotel Politeama</title>
<meta name="robots" content="index, follow, max-snippet:-1, max-image-preview:large, max-video-preview:-1" />
<link rel="canonical" href="https://www.hotelpoliteama.com/fr/les-chambre/suite-panoramique/" />
<meta property="og:locale" content="fr_FR" />
<meta property="og:type" content="article" />
<meta property="og:title" content="Suite panoramique - Hotel Politeama" />
<meta property="og:description" content="Un doux réveil en un mot: Panorama! Les suites ont une vue incroyable et une terrasse panoramique où vous pourrez partager vos moments de convivialité et de détente, comme un petit-déjeuner le matin ou prendre un verre au coucher du soleil. Elles se caractérisent par un style contemporain impeccable, un parquet et une salle de [&hellip;]" />
<meta property="og:url" content="https://www.hotelpoliteama.com/fr/les-chambre/suite-panoramique/" />
<meta property="og:site_name" content="Hotel Politeama" />
<meta name="twitter:card" content="summary_large_image" />
<meta name="twitter:label1" content="Durée de lecture estimée" />
	<meta name="twitter:data1" content="1 minute" />
<script type="application/ld+json" class="yoast-schema-graph">{"@context":"https://schema.org","@graph":[{"@type":"WebPage","@id":"https://www.hotelpoliteama.com/fr/les-chambre/suite-panoramique/","url":"https://www.hotelpoliteama.com/fr/les-chambre/suite-panoramique/","name":"Suite panoramique - Hotel Politeama","isPartOf":{"@id":"https://www.hotelpoliteama.com/fr/#website"},"datePublished":"2019-10-28T16:18:38+00:00","breadcrumb":{"@id":"https://www.hotelpoliteama.com/fr/les-chambre/suite-panoramique/#breadcrumb"},"inLanguage":"fr-FR","potentialAction":[{"@type":"ReadAction","target":["https://www.hotelpoliteama.com/fr/les-chambre/suite-panoramique/"]}]},{"@type":"BreadcrumbList","@id":"https://www.hotelpoliteama.com/fr/les-chambre/suite-panoramique/#breadcrumb","itemListElement":[{"@type":"ListItem","position":1,"name":"Home","item":"https://www.hotelpoliteama.com/fr/"},{"@type":"ListItem","position":2,"name":"Les Chambre","item":"https://www.hotelpoliteama.com/fr/les-chambre/"},{"@type":"ListItem","position":3,"name":"Suite panoramique"}]},{"@type":"WebSite","@id":"https://www.hotelpoliteama.com/fr/#website","url":"https://www.hotelpoliteama.com/fr/","name":"Hotel Politeama","description":"Ecco un altro sito ms.decms.eu","potentialAction":[{"@type":"SearchAction","target":{"@type":"EntryPoint","urlTemplate":"https://www.hotelpoliteama.com/fr/?s={search_term_string}"},"query-input":{"@type":"PropertyValueSpecification","valueRequired":true,"valueName":"search_term_string"}}],"inLanguage":"fr-FR"}]}</script>
<!-- / Yoast SEO plugin. -->

Un doux réveil en un mot: Panorama! Les suites ont une vue incroyable et une terrasse panoramique où vous pourrez partager vos moments de convivialité et de détente, comme un petit-déjeuner le matin ou prendre un verre au coucher du soleil. Elles se caractérisent par un style contemporain impeccable, un parquet et une salle de [&hellip;]
